 + -4. Let n(k) = -57*k - 2 - 7*k**2 + 54*k + 3*k**2 + 3*k**2. Give n(s).
-2
Let u(m) = -1 + 5*m + 0*m - 6*m + m**3 - 1. Let c be u(2). Let x(f) = -f**2 + 7*f - 6. What is x(c)?
6
Let v(s) = -s**3 - 3*s**2 - 4*s + 1. Let y be v(-2). Let r(x) = -6 + 0 + 2*x - x. Calculate r(y).
-1
Let h(n) = -6*n - 21. Let s(w) = -3*w - 11. Let z(i) = -6*h(i) + 11*s(i). Determine z(-4).
-7
Let b(s) = -2*s - 6. Let r be b(-5). Let l(z) = -4*z + z - z**2 + r*z + 4. What is l(3)?
-2
Suppose -39 = 4*i - 5*w, 3*i + 3*w - 3 + 12 = 0. Let m(y) = y**2 + 6*y + 5. Let q(c) = -c**2 - 6*c - 5. Let l(h) = 5*m(h) + 4*q(h). Give l(i).
5
Let t(l) = -3*l**3 + 2*l**2 + 7*l - 7. Let b(m) = m**3 - m**2 - 3*m + 3. Let w(d) = -5*b(d) - 2*t(d). Suppose -p + 3*p = 0. Determine w(p).
-1
Let l(d) = -d**3 - 3*d**2 + 2*d - 5. Suppose 0 = -0*p + p + 3*b - 2, 0 = 3*p + b + 10. What is l(p)?
3
Let u(g) = -2*g**2 + 5*g - 1. Let r(c) = -2*c - 32. Let x be r(-18). Give u(x).
-13
Let t be 1/(2/(-6)*1). Let c(l) = 5*l - 2. Give c(t).
-17
Suppose 5*y - 4*s = -s + 19, 5*s = 4*y - 10. Suppose -y*v - 3 = -4*v. Let l(c) = -c**2 - 4*c - 1. Determine l(v).
2
Let x(h) = -h**3 - 9*h**2 - 8*h - 1. Suppose -7*d + 2*d - 4*a = 24, 5*d - 2*a = -48. Determine x(d).
-1
Let k(x) = -x**3 + 3*x**2 + 6*x - 5. Suppose -5*t - 5 = 2*b - 27, -8 = -3*t + 4*b. Determine k(t).
3
Let t(s) = 2*s**2 - 4*s + 5. Let w(g) = g**2 - g + 1. Let a(h) = -t(h) + 4*w(h). Suppose -5*f + 0*k = -2*k - 1, 3*f + 5*k - 13 = 0. Calculate a(f).
1
Let o(k) = -2*k + 1. Suppose -3*z = 4*h + 6 - 4, -5*h = 4*z + 1. Let p(r) = 4*r**2 - 1 + r**3 + 6*r + r**2 - 2*r**3. Let a be p(z). Determine o(a).
3
Let o(h) = -7*h + 7. Let c(g) = -20*g + 20. Let d(p) = -3*c(p) + 8*o(p). Determine d(-3).
-16
Suppose -4 = 3*h + 2. Let w(i) = 6*i - 2. Determine w(h).
-14
Let s(l) = 8*l + 2. Let w = 131 + -132. Give s(w).
-6
Suppose 2*q + 2 = 0, -24 - 4 = -5*b + 3*q. Let p = b + -7. Let c(g) = -g**3 - 1. What is c(p)?
7
Let v(w) = -2*w**2 - w + 1. Let p be (2/(-4) + 0)*-2. Calculate v(p).
-2
Let t(h) be the first derivative of h**5/40 - h**4/4 - h**3 - 2. Let k(u) be the third derivative of t(u). Suppose 0*s = 3*s - 12. What is k(s)?
6
Let b(j) = -j**2 + 4*j. Suppose 0 = -3*x + p - 17, 0*p - 2*p + 29 = -5*x. Let q be x/2*(-18)/15. Give b(q).
3
Let p(y) = y**3 - 4*y**2 + 2*y - 3. Let s(i) = i**2 - i - 3. Let w be s(3). Suppose -t = 2*h, -w*t + 1 = 5*h - 1. Determine p(t).
5
Let s(y) = y**3 - 4*y**2 - 8*y + 4. Let k be 4/30 + 292/60. What is s(k)?
-11
Let q(d) = -9 + 4*d + 4*d - 12*d + 3*d. Determine q(0).
-9
Let a = -9 - -16. Let y = a - 13. Let j = y - -1. Let h(x) = -x - 1. What is h(j)?
4
Let g(o) = 6 + 14*o - 27*o + 12*o. Determine g(-6).
12
Let d(t) = t. Let k be d(-5). Let l(o) = o + 3. Calculate l(k).
-2
Let a(c) = -c**2 - 2*c. Let h be 4/(12/27) + -4. Suppose -7 = -h*k + 3. Calculate a(k).
-8
Let m(j) = -j**2 + 3*j. Suppose -4*g = c + 17, -g - 6 = -c + 2. Give m(c).
0
Let p(v) = 4 + v - 2 - 4*v + 4*v. Calculate p(-5).
-3
Let b(v) = -v - 14. Let k be (27 - -2) + 1 - 2. Suppose -2*u - k = 2*u + 5*q, -3*q = 4*u + 28. Give b(u).
-7
Let y(u) = u**2 + 4*u - 9. Let o be y(-5). Let m(j) = j**3 + 4*j**2 - 3*j - 1. Calculate m(o).
11
Suppose 2*n - 5*n + 12 = 0. Let s(r) = 5*r - 4. Determine s(n).
16
Let n(g) = 4*g - 1. Let z(m) = -m. Let o(s) = n(s) + 5*z(s). What is o(-7)?
6
Let h be (-1)/(-1) - (0 + -1)/(-1). Let p(s) = s**2 + s + 7. What is p(h)?
7
Let g(q) = q**2 - q. Let s be 5/2 - (-3)/(-6). Let x be g(s). Let y(c) = -c**3 + c**2 + 2. Give y(x).
-2
Let o(f) = -f**2 + 4*f - 1. Let g = -2 - -4. Suppose -j + g = -2. Calculate o(j).
-1
Let i(j) be the second derivative of -j**5/24 - 2*j**3/3 + 4*j. Let r(k) be the second derivative of i(k). Determine r(-1).
5
Let n(f) = -2*f**2 + 1. Let w be (3 - 6)*(-3)/(-3). Give n(w).
-17
Let s(o) = 2*o + 8. Let k(u) = u**3 + 3*u**2 - 5*u + 16. Let a be k(-5). Calculate s(a).
-10
Let x(j) be the third derivative of j**6/120 - j**5/60 - j**4/24 - 7*j**2. Let l(g) = -2*g**3 + 2*g**2 - g. Let a be l(1). Give x(a).
-1
Let w(r) = -r**2 + r + 1. Let n(k) be the first derivative of k**4/4 + 8*k**3/3 + 7*k**2/2 - k + 2. Let p be n(-7). Calculate w(p).
-1
Suppose 2 = 2*n - 8. Let j(w) = w - 2. Give j(n).
3
Let g(y) be the third derivative of -y**6/120 + y**4/24 - y**3/2 + y**2. Let p = -10 - -10. Give g(p).
-3
Let w(y) = y**3 - 2*y**2. Suppose 0 = -0*a - 3*a - 63. Let f = -20 - a. Give w(f).
-1
Let l(c) = c + 1. Let z = 10 - 11. Let w(f) = -f - 1. Let a(s) = z*l(s) - 2*w(s). Determine a(0).
1
Let z(d) = -d**2 - 6. Suppose 0 = -9*n + 11*n. Calculate z(n).
-6
Let s(h) = 2 + h**2 + 5*h + 2 - 1 - 2. Give s(-6).
7
Let s(j) = -j**2 - j - 9. Let w(o) = 5*o + o**2 - 2*o + 2*o - 6. Let p be w(-6). Calculate s(p).
-9
Let a(s) = 5*s**3 - 4*s**2 + 5*s - 3. Let o(u) = 3*u**3 - 2*u**2 + 2*u - 2. Let n(z) = -4*a(z) + 7*o(z). Calculate n(-4).
-10
Let p(f) = f + 8. Let o be 0/(-4) + (-20)/4. What is p(o)?
3
Let w(m) = m**2 - 2*m - 3. Let p(b) = 2*b + 3. Let z(c) = 6*p(c) + 5*w(c). What is z(-2)?
19
Suppose -3*y + 2*y = -3. Let n(q) = -4*q**2 + 7*q**3 + 2*q - 3*q**y + 3*q**2 - 1. What is n(1)?
4
Let l(q) = -3*q + 2. Let k be (-8)/(-5) + (-4)/(-10). Suppose 0 = k*u - 6 + 2. Calculate l(u).
-4
Let h(b) be the second derivative of b**5/20 - 5*b**4/12 - 5*b**3/6 - 3*b**2/2 + b. Let y be (-5 - -14)*1/((-6)/(-4)). Give h(y).
3
Let f(q) be the second derivative of -q**5/20 + 5*q**4/12 - 5*q**2/2 + q. Let n = 0 - 1. Let s = n + 6. Determine f(s).
-5
Let b = 103 - 103. Let r(w) = -w + 11. What is r(b)?
11
Suppose -3*v = -0*v. Let h(x) = -5*x + 4*x - 7 + v*x. Suppose -2*l + 6*l + 16 = 0. Give h(l).
-3
Let h(z) = -z**3 - 4*z**2 - 5*z + 6. Let y(g) = -g**3 - 5*g**2 - 5*g + 7. Let o(k) = 3*h(k) - 4*y(k). Give o(-7).
4
Let p(f) = -f**3 + 2*f + 1. Let s = -1 + 4. Suppose 1 = s*q + 7. Determine p(q).
5
Let s(i) = -i**3 + 6*i**2 + i - 6. Let a be s(6). Let v(h) = a*h + h**2 - 2*h**2 + 1 + 6*h - 5. Determine v(5).
1
Let h(w) = w**3 - 5*w**2 + 4*w + 1. Let r be h(4). Let g be -4 + 1 + (0 - r). Let b(j) = -4*j - 2. Give b(g).
14
Suppose -x - 4*x + 5 = 0. Let p(o) = 6*o**2 + 3 + 3*o - o + x + o**3. What is p(-6)?
-8
Suppose -12 = -2*i - 2*d, -3*i + 19 + 7 = 5*d. Let o = -40 - -41. Let a(y) = -2 + o + y + 0*y**3 - y**3 - 2*y**i. What is a(-3)?
5
Suppose -4*r - 1 + 13 = 0. Let p = -7 + r. Let g(s) = 2*s + 4. Calculate g(p).
-4
Suppose 5*k - 8 = -23. Let t be (-3)/9 - 7/k. Let c(r) = 2 + r**t - 2*r**2 + 2 - 5 - r. What is c(-3)?
-7
Let s = -10 + 4. Let u(q) = -6*q**2 - 3*q - 4. Let i(v) = -6*v**2 - 4*v - 5. Let f(z) = s*u(z) + 5*i(z). Give f(-1).
7
Let p(u) be the third derivative of u**6/360 - u**5/24 + u**3 + 4*u**2. Let d(f) be the first derivative of p(f). Determine d(6).
6
Let f(k) = k - 6. Let m = 81 - 76. What is f(m)?
-1
Let m(n) = 4*n + 3. Let b be m(-2). Let t(c) = c**2 + 4*c - 3. Let i be t(b). Let w(x) = x**3 + 10 + i*x**2 + 5*x + 3*x**2 - 4 + 2*x. Calculate w(-4).
-6
Let m = 1 + 1. Let q(g) = -4*g**3 + 3*g**3 + 0 - 4*g**m + 0. What is q(-4)?
0
Let v(r) = 3*r**3 + 2*r**2 - 4*r - 3. Let o(g) = 4*g**3 - g**2 + g**2 - 6 - 4*g + g**2 + 4. Let w(m) = -4*o(m) + 5*v(m). Give w(5).
-2
Let c(j) be the first derivative of -2*j**3/3 + j**2/2 + 1. Let f(i) = i + 4. Let b(q) = -3*q + 4. Let g be b(3). Let x be f(g). Determine c(x).
-3
Suppose -6 = h - 2*h. Suppose 11*l - h*l = -5*a + 35, -3*l = 3. Suppose 0 = 2*r - 4*r + a. Let d(b) = b - 5. Calculate d(r).
-1
Suppose -d = 4*w - 5, -d = -6*d - 3*w - 9. Let u(l) = -1 + l - 2 + 2. Give u(d).
-4
Let h(y) = y**2 + y + 1. Let r(d) = d**3 - 4*d**2 - 6*d - 1. Let v(s) = -2*h(s) - r(s). Let i be v(3). Let w(a) = i*a + 0*a - a - 7. What is w(5)?
-2
Let r(w) = 3*w**2 + 5*w - 35. Let u(h) be the second derivative of -h**4/12 - h**3/3 + 6*h**2 + h. Let p(q) = -6*r(q) - 17*u(q). Calculate p(6).
-6
Let y(o) = -5*o - 4 + 3*o**2 + 3*o**2 + 12*o**3 - 13*o**3 + 0*o**2. Let z be y(5). Let f(p) = -2*p**2 - 7*p - 4. Determine f(z).
-8
Let q(u) = u**3 + 6*u**2 + u. Let v = 14 + -26. Let t be (-16)/3 + 8/v. Determine q(t).
-6
Let i(o) = -o**2 + 6*o - 3. Let g = 4 - 4. Suppose -9 = -g*m - m. Let w be 50/(-15)*m/(-5). Determine i(w).
-3
Let l(r) = -6*r - 5. Let q(m) = -6*m - 6. Let c(w) = -6*l(w) + 5*q(w). Determine c(-2).
-12
Let i = 8 - 13. Suppose 25 